hat is the highest common divisor of 6 and p?
3
Let i(a) = -44*a + 30. Let m be i(-3). What is the greatest common divisor of 36 and m?
18
Let l = -26 - -32. Suppose -4*p = 4*b - 12, 3*p - 6 = -2*b - p. Calculate the highest common factor of b and l.
3
Let y(p) = 682*p**2 - p. Suppose 0*o - 4 = 4*o. Let k be y(o). Suppose -2*i = c - 4*c + 413, 5*c - k = 2*i. Calculate the highest common divisor of 15 and c.
15
Suppose 6*c = 4*c + 280. What is the greatest common divisor of c and 20?
20
Let j(p) = -30*p + 2. Let v be j(-5). Suppose -2*r = 4*g - v, -r = -3*g + 60 + 59. What is the greatest common divisor of 26 and g?
13
Suppose 3*k = -o + 184, 2*o - 4*k - 230 = 108. What is the highest common factor of 35 and o?
35
Let s = -6 + 9. Suppose 3*f = -s, f + 419 = 4*t - 2*f. What is the highest common divisor of t and 13?
13
Let o = 14 - -4. Let d be 4 - 3/(3/(-2)). Let b be (-34)/(-6) + 2/d. Calculate the highest common divisor of b and o.
6
Let o be (2*3/(-12))/(2/(-8)). Calculate the greatest common factor of o and 10.
2
Let i be ((-128)/(-12))/((-2)/36). Let f = -71 - i. What is the greatest common factor of f and 11?
11
Let o = 37 + -16. Suppose -59 = -3*i + 193. What is the greatest common divisor of o and i?
21
Suppose 0 = 5*z - 5*d - 25, -5*d + 14 = 2*z - 3*d. Let u be 1/((-1 + 2)*1). Let h be 9/(u/(-44)*-6). What is the greatest common factor of h and z?
6
Let r(d) = -d - 2. Let w be r(2). Let i be 510/35 + w/7. What is the greatest common divisor of 7 and i?
7
Suppose 3*o = -5*t + 19, -4*t - 3 = 4*o - 3*t. Let f = 6 - o. Calculate the highest common factor of 8 and f.
8
Let o(r) = r**2 - 6*r + 9. Let v be o(10). Suppose 3*y = -3*z + 36, 4*z - 1 = -5*y + v. What is the highest common divisor of 2 and z?
2
Let d(m) = -31*m**3 + 2*m**2 - 1. Let h be d(-1). What is the highest common factor of h and 8?
8
Suppose -2*l = -10, 0*l = 5*q - 3*l - 20. Suppose t = 2*s - 156, 0 = -s - 2*t - 2*t + 69. What is the greatest common factor of s and q?
7
Let j = -89 + 188. Let u be ((-4)/3)/((-6)/j). Calculate the greatest common divisor of 11 and u.
11
Let w be 2/7*(95 - 4). Let j be w + (-3)/(9/(-6)). Let v(f) = -f**3 + 7*f**2 - 8*f + 4. Let g be v(5). What is the greatest common divisor of j and g?
14
Let i = -323 - -122. Let x = 289 + i. What is the greatest common factor of 8 and x?
8
Suppose 5*q - 2*x + 16 = 0, -2*q + 5*x - 9 = -5*q. Let z = q + -8. Let r(j) = -3*j - 13. Let p be r(z). Calculate the greatest common factor of p and 68.
17
Suppose 5*f - a - 17 = 0, 2*f + f = -3*a + 3. Let o = -348 - -375. What is the highest common divisor of o and f?
3
Let p = 0 - -15. Let l be (2/(-6))/(2/(-18)). What is the greatest common divisor of l and p?
3
Suppose -2*f - 4 = -18. Suppose 2*w + 10 = f*w. Suppose -w*a + a = -90. What is the highest common factor of a and 15?
15
Let b(x) = x**2 + 4*x - 6. Let i be b(-6). Let d be 85/i - (-2)/(-12). Calculate the greatest common divisor of d and 98.
14
Let o be 1/(-3*1/(-15)). Suppose o*d = -3*c + 210, -3*c - 2*d + 266 = c. What is the greatest common factor of c and 13?
13
Suppose -2*s - 52 = -s. Let d = 102 + s. Let l(z) = -z**3 + 9*z**2 + 10. Let a be l(9). What is the greatest common divisor of d and a?
10
Let x = -45 - -78. Let l(d) = d**2 - 4*d + 2. Let m be l(4). Suppose m*w + w = 9. Calculate the highest common divisor of w and x.
3
Let a = -68 - -83. Calculate the greatest common divisor of a and 10.
5
Let d(w) = w**3 - 4*w**2 - 4*w - 4. Let g be d(5). Let m = 6 - g. Suppose r = -1 - 1, 2*r = -m*t + 66. Calculate the highest common divisor of 2 and t.
2
Suppose 3*a + 0*p = -2*p + 23, -29 = -4*a - 3*p. Calculate the highest common divisor of 33 and a.
11
Let x = -1 + 6. Let s be ((-110)/(-11))/((6 - -2)/4). Calculate the greatest common divisor of x and s.
5
Let r = -22 + 17. Let f be (1*(r + -1))/(-2). What is the highest common divisor of 15 and f?
3
Suppose -q = 4*c - 36 + 10, -4*c - 10 = -5*q. What is the greatest common divisor of 6 and q?
6
Let r(k) = -k**3 + k + 1. Let w be r(-3). Let j = 9 + -7. Suppose -j*l = -a + 2 + 2, a = -l + 13. What is the highest common divisor of w and a?
5
Suppose 2*l = 22 + 32. Calculate the highest common divisor of l and 18.
9
Let v(l) = -l**3 + 31*l**2 - 25*l - 73. Let w be v(30). What is the highest common divisor of 11 and w?
11
Let c(q) = q + 7. Suppose -3 = -4*m + 9. Let d be c(m). What is the highest common factor of 15 and d?
5
Suppose c - 51 = -3*p, 0 = 2*c - 3*p + 4*p - 127. Suppose -3*n + 2*s + c = 0, -n + s = -2*s - 29. What is the highest common divisor of n and 4?
4
Let a(v) = -v**2 + v - 6. Let w be a(0). Let z be 12*((-27)/w + -2). Calculate the greatest common factor of 10 and z.
10
Suppose h + 10 = -6. Let t be h/6*18/(-8). Let x be t/8 + (-531)/(-12). Calculate the greatest common divisor of x and 18.
9
Let y(l) = -l - 9. Let c be y(0). Let z = -3 - c. Let a be (-110)/(-4)*(-24)/(-10). Calculate the greatest common divisor of z and a.
6
Let n be (-1 - -10) + 0 + 0. Let h = 148 - 67. What is the greatest common divisor of h and n?
9
Let m(t) = -t**3 + 12*t**2 - 14*t. Let q(x) = x**3 - 11*x**2 + 13*x. Let b(d) = 2*m(d) + 3*q(d). Let v be b(8). What is the greatest common divisor of v and 12?
12
Suppose 3*p = -b + 35, -8*p + 3*p = 3*b - 57. Let j = p - 8. Suppose -3*n + 17 + 7 = 0. What is the greatest common factor of n and j?
4
Let t(c) = 2*c**2 - c - 10. Let g be t(-7). Suppose 3*p + 5*h - g = 77, 0 = 4*p + 5*h - 236. Calculate the greatest common factor of p and 8.
8
Let h be 10/(2*(-2)/(-152)). Suppose 5*u - m - 446 = 0, 4*u + 0*u + 5*m = h. Let p = 25 - 15. What is the highest common factor of u and p?
10
Suppose 3*x + 2 + 6 = 2*l, 12 = -x + 3*l. Let b = x + -15. Let n = 26 + b. What is the greatest common divisor of n and 88?
11
Let r = -2 + 9. Let o be 3/6*-2 + 1. Let s be (o - 1 - 0)*-28. Calculate the greatest common factor of s and r.
7
Let n(m) = 2*m**2 + 3*m + 3. Let p be n(-2). Calculate the highest common factor of p and 40.
5
Let r(m) = 2*m - 24. Let i be r(17). Calculate the highest common factor of i and 110.
10
Let z(u) = u**3 + 10*u**2 - 11*u + 27. Let i be z(-11). What is the highest common divisor of i and 6?
3
Suppose -3*v + 15 = 3*n, 5*v = 2*v + 5*n + 15. What is the greatest common factor of v and 35?
5
Let f = 81 - 56. Suppose 93 - f = 4*a. What is the greatest common factor of a and 34?
17
Suppose -45 = m - 4*m. Let s = 3 + 2. Let y be (-4)/10 + 27/s. Calculate the highest common factor of m and y.
5
Let r be (1 - 2)/(8/(-248)). Calculate the greatest common factor of r and 124.
31
Let i(w) = 14*w**2 + 2*w + 16. Let g be i(-3). What is the greatest common divisor of 8 and g?
8
Let u = 8 + -6. Suppose q - 2*r = 485, -2*q + 4*q - 1000 = -u*r. Suppose -y - 4*y + q = 0. Calculate the greatest common factor of 9 and y.
9
Let z be 19/3 + 2/(-6). Suppose z*v = 2*v + 20. Let c(b) = -b**2 + 4*b + 7. Let g be c(v). Calculate the highest common divisor of 12 and g.
2
Let l = 200 - 382. Suppose 4*w = -5*a + 23, 4*w + 3*a = 7*a - 4. Let v be w/(-5) - l/5. What is the highest common factor of 24 and v?
12
Let l be -3 + 4 - (-56 + 1). Suppose -w = -5*d - 46, d + 2*d - 27 = -2*w. Let x = 29 - w. What is the greatest common factor of x and l?
8
Let p be 12/(-10)*(-135)/54. What is the greatest common factor of 21 and p?
3
Let p be (-8)/3*27/(-4). Suppose -10*q + 11*q = j + 3, 3*j + 5*q - 31 = 0. What is the greatest common divisor of j and p?
2
Let j be ((-55)/(-15))/(1/6). Let s = -3 + j. What is the greatest common factor of 209 and s?
19
Suppose 5*g = -2*x - 3, -x = g + 2*x - 2. Let z be g + 1/(2/20). Let a(n) = n**2 - 11*n - 3. Let o be a(-6). Calculate the greatest common factor of o and z.
9
Suppose 4 = -j + 2*j. Let c be (-1)/(-1 - 8/(-6)). Let n be j/(-3)*c/1. Calculate the greatest common divisor of 32 and n.
4
Suppose -5*a - 106 = -3*x, -16 = -x - 4*a + 8. Suppose 8 + 8 = 4*p. What is the greatest common divisor of p and x?
4
Let v(b) = -b**2 - 10*b + 12. Let o be v(-9). Let k = -5 + o. What is the greatest common divisor of 112 and k?
16
Suppose -67 + 2 = -5*s. Let o(p) = -p + 42. Let h be o(-10). What is the highest common factor of s and h?
13
Suppose 31*w = 35*w - 76. Let c be 2/(-6) - (-457)/3. Calculate the greatest common fact